{"id":28,"date":"2022-12-28T17:40:04","date_gmt":"2022-12-28T17:40:04","guid":{"rendered":"http:\/\/www.clama.pl\/?page_id=28"},"modified":"2024-07-11T10:42:40","modified_gmt":"2024-07-11T10:42:40","slug":"cennik","status":"publish","type":"page","link":"https:\/\/www.clama.pl\/index.php\/cennik\/","title":{"rendered":"cennik"},"content":{"rendered":"\n<p class=\"has-medium-font-size\"><strong>\u015aciana wspinaczkowa SP Jaroszowice<\/strong><\/p>\n\n\n\n<p>Op\u0142ata miesi\u0119czna za zaj\u0119cia (4x w tygodniu) &#8211; <strong>120 z\u0142<\/strong> (p\u0142atne do dnia pierwszych zaj\u0119\u0107 danego miesi\u0105ca)<\/p>\n\n\n\n<p>nr konta: <strong>80 1050 1214 1000 0097 7288 8542<\/strong> ( w tytule przelewu prosz\u0119 poda\u0107: imi\u0119 i nazwisko, miesi\u0105c)<\/p>\n\n\n\n<p>Wypo\u017cyczenie podstawowego sprz\u0119tu wspinaczkowego gratis.<\/p>\n\n\n\n<p>Wej\u015bcia jednorazowe &#8211; do uzgodnienia.<\/p>\n\n\n\n<p><\/p>\n\n\n\n<p class=\"has-medium-font-size\"><strong>\u015aciana wspinaczkowa SP4 Niepo\u0142omice<\/strong><\/p>\n\n\n\n<p>Op\u0142ata miesi\u0119czna za zaj\u0119cia (4x w tygodniu) &#8211; <strong>140 z\u0142<\/strong> (p\u0142atne do dnia pierwszych zaj\u0119\u0107 danego miesi\u0105ca)<\/p>\n\n\n\n<p>nr konta: <strong>80 1050 1214 1000 0097 7288 8542<\/strong> ( w tytule przelewu prosz\u0119 poda\u0107: imi\u0119 i nazwisko, miesi\u0105c)<\/p>\n\n\n\n<p>Wypo\u017cyczenie podstawowego sprz\u0119tu wspinaczkowego gratis.<\/p>\n\n\n\n<p>Wej\u015bcia jednorazowe &#8211; 45 z\u0142.<\/p>\n","protected":false},"excerpt":{"rendered":"<p>\u015aciana wspinaczkowa SP Jaroszowice Op\u0142ata miesi\u0119czna za zaj\u0119cia (4x w tygodniu) &#8211; 120 z\u0142 (p\u0142atne do dnia pierwszych zaj\u0119\u0107 danego miesi\u0105ca) nr konta: 80 1050 1214 1000 0097 7288 8542 ( w tytule przelewu prosz\u0119 poda\u0107: imi\u0119 i nazwisko, miesi\u0105c) Wypo\u017cyczenie podstawowego sprz\u0119tu wspinaczkowego gratis. Wej\u015bcia jednorazowe &#8211; do uzgodnienia. \u015aciana wspinaczkowa SP4 Niepo\u0142omice Op\u0142ata [&hellip;]<\/p>\n","protected":false},"author":1,"featured_media":0,"parent":0,"menu_order":0,"comment_status":"closed","ping_status":"closed","template":"","meta":{"footnotes":""},"class_list":["post-28","page","type-page","status-publish","hentry"],"_links":{"self":[{"href":"https:\/\/www.clama.pl\/index.php\/wp-json\/wp\/v2\/pages\/28","targetHints":{"allow":["GET"]}}],"collection":[{"href":"https:\/\/www.clama.pl\/index.php\/wp-json\/wp\/v2\/pages"}],"about":[{"href":"https:\/\/www.clama.pl\/index.php\/wp-json\/wp\/v2\/types\/page"}],"author":[{"embeddable":true,"href":"https:\/\/www.clama.pl\/index.php\/wp-json\/wp\/v2\/users\/1"}],"replies":[{"embeddable":true,"href":"https:\/\/www.clama.pl\/index.php\/wp-json\/wp\/v2\/comments?post=28"}],"version-history":[{"count":8,"href":"https:\/\/www.clama.pl\/index.php\/wp-json\/wp\/v2\/pages\/28\/revisions"}],"predecessor-version":[{"id":309,"href":"https:\/\/www.clama.pl\/index.php\/wp-json\/wp\/v2\/pages\/28\/revisions\/309"}],"wp:attachment":[{"href":"https:\/\/www.clama.pl\/index.php\/wp-json\/wp\/v2\/media?parent=28"}],"curies":[{"name":"wp","href":"https:\/\/api.w.org\/{rel}","templated":true}]}}